 + 3, -3*z - 5*i = -1. Suppose -2*u - 13 = z*q - 81, 178 = 5*q - 3*u. Is q a composite number?
True
Is (-37036 - (-16)/2)/(-4) prime?
True
Let w(o) = 10812*o**3 - 3*o**2 + 2. Is w(1) a prime number?
False
Let l be 2420/7 + (24/21)/4. Let a = l - 15. Is a a composite number?
False
Is (-5216)/(-96) - ((-16)/6)/(-2) a prime number?
True
Let y be 0/(-2 - 0) + -23*247. Let h = y - -10464. Is h a prime number?
True
Suppose -96 = 4*f + 2*u - 5*u, 0 = -2*f - 3*u - 30. Is (-2507)/(-2) - f/14 composite?
True
Is (-30)/(-40)*761392/12 prime?
False
Let u(h) = -h**3 - h**2 + 6*h - 3. Let r be u(-5). Let g be (-10 - -2)/(-1 - 1). Suppose g*m = -r + 375. Is m composite?
True
Let w(f) = -f - 7. Let k be w(3). Is 5/(k/(-4)) + 904 + 8 prime?
False
Suppose 0*w = 3*w - 5*d + 24, 0 = -2*d - 6. Let b(n) = 3*n**2 + 7*n + 6. Is b(w) composite?
True
Let i = 31 + 5. Let y be 3/2*(-76848)/i. Let o = -2279 - y. Is o a composite number?
True
Suppose 21*s = 20*s. Suppose -2*l + 754 = -s*l. Is l composite?
True
Suppose 43*i = i + 391062. Is i a composite number?
False
Suppose 3*s - 10 = s - 4*n, -s = -2*n + 11. Let b be (s/5)/(2/(-20)). Suppose 3*p = b*p - 201. Is p prime?
True
Let k(b) = 158*b + 5. Let s be 0 + 1 - 10/(-5). Is k(s) a composite number?
False
Let i be (-1 - 2)/((30/4)/(-5)). Suppose 0 = -i*g + 3*j + 2588, -g + 2*g - 1299 = -j. Is g a composite number?
False
Let b = 40 + -35. Is 10 + -11 + 508*b prime?
True
Suppose -3*q + 9 = 3. Suppose 1387 - 509 = q*g. Is g a prime number?
True
Let v(s) = -103*s - 3. Let o be v(6). Suppose 3605 = -5*g - 765. Let k = o - g. Is k prime?
False
Suppose 2*o - 10480 = 23380. Suppose 9*h = -h + o. Is h prime?
True
Suppose -4*q - 2350 - 2822 = 0. Let s = q + 2248. Is s composite?
True
Let b = -10 + 10. Let u = b + 2. Suppose -u*o + 228 = 2*o. Is o a prime number?
False
Let a be 30/(8/4) + -2. Let p(c) = 2 - a*c + 2*c - 3 - 4*c. Is p(-5) a composite number?
True
Let a(t) = 3*t**3 - 20*t**2 + 76*t + 38. Is a(17) prime?
True
Suppose 669 = 6*o - 2409. Let i = 2950 - o. Is i a prime number?
True
Suppose -8503 - 15066 = -49*t. Is t prime?
False
Suppose 0 = -0*g + 6*g - 492. Suppose 0 = 2*s - 4 - g. Is s a prime number?
True
Suppose z = 2*u - 11803, 23586 = 4*u - z + 3*z. Is u a prime number?
False
Suppose 0 = 3*v - v + m + 5, 2*v - 15 = 3*m. Suppose v = 3*k - r + 3*r - 403, -4*k + 539 = 3*r. Is k prime?
True
Suppose 0 = 3*g - 0*g - 9. Suppose 2*m - 8495 = -2*m - g*l, -2124 = -m - l. Let n = m + -1308. Is n a prime number?
False
Suppose 106158 = -3*n + 9*n. Is n a prime number?
False
Is 1859182/65 - (2 + (-55)/25) a composite number?
False
Suppose -2335 = 2*j - n, -4*j - n - 2480 = 2181. Let d = j + 1953. Is d a prime number?
True
Let c(h) = -h**2 - 5*h - 5. Let x(r) = -r**2 - 3*r + 6. Let m be x(-5). Let u be c(m). Is 0/u - 5035/(-19) composite?
True
Let x be 5/5 + (-3 - -2). Suppose 3*n + 9 = -x*n. Is 17/(n + (-14)/(-4)) prime?
False
Let v = 19898 - 9697. Is v a composite number?
True
Suppose 3*k + 0*k + 3 = 0. Let s = 10 - k. Let q(o) = o**2 - 4*o + 9. Is q(s) composite?
True
Let s(t) = 9*t**2 + 2*t - 3. Let c be s(-3). Let a be c/39 + 2/13. Suppose -a*k + 89 = -k - 3*n, k + 5*n = 105. Is k composite?
True
Let k(i) = i**2 - 24*i + 26. Let z be k(23). Suppose 4*c = -g + 5523, -5*c - z*g = 2*g - 6900. Is c prime?
True
Suppose 138*o = 136*o + 822. Is o composite?
True
Suppose 5*a = 11 - 1. Let h = 121 + -118. Suppose w + 531 = 5*z, -h*z + 5*w = a*z - 535. Is z a composite number?
True
Suppose h - 40 = -4*y - 4*h, 3*y - 11 = h. Suppose -y*r = -0*r - 2645. Is r prime?
False
Suppose -3*l + 34141 = 4*v, 2*v = -2*l + 7*v + 22776. Is l a composite number?
False
Suppose -11*k + 328314 = 10*k. Is k a prime number?
False
Let x be (38/(-4) + -3)*8/(-5). Is 1262*(22/(-55) + 18/x) composite?
False
Let o(j) = 19*j**3 + 11*j**2 - 21*j + 53. Is o(4) a composite number?
False
Let r be 0*4/8*2. Suppose -2*a - 3*j = -1521, j + 1501 = -r*a + 2*a. Is a prime?
False
Let w be (-24492)/102 - 4/(-34). Let u = -149 - w. Is u prime?
False
Let a(v) = 7*v**2 - 7*v + 4. Let b be a(4). Suppose u = -4*h + 22, -3*u - 5*h + b + 13 = 0. Suppose m = -4*o + 51, m = -0*m - o + u. Is m a composite number?
True
Let w(i) be the second derivative of -i**5/20 + 7*i**4/6 - i**3 + 5*i**2/2 + 2*i. Is w(8) a composite number?
True
Let b(m) = 6*m**3 + 5*m**2 - 3*m + 3. Let l(g) = g**2 - 6*g + 13. Let o be l(4). Is b(o) composite?
False
Let f = 18734 - 10171. Is f composite?
False
Suppose -4*d + 3 + 9 = 0. Suppose 0 = -i - d*i + 260. Suppose -4*y + 11 + i = 0. Is y a prime number?
True
Let a be ((-28)/70)/((-1)/5). Suppose -a*b + 1258 = q - 0*q, -2*b + 2*q + 1258 = 0. Is b a prime number?
False
Let b(q) = -q + 8. Let r be b(6). Suppose -5 + 3 = -r*v. Is v + 130/(-3 + 4) a prime number?
True
Let j be 48/27 + 2/9. Suppose -j*t - 617 = -2551. Is t a composite number?
False
Let d be -2 + (-70)/(-20)*(2 + 0). Suppose 2680 = -2*s - k + 10783, -4*s = -d*k - 16171. Is s a prime number?
True
Let b = -1 + -1. Let y(p) = -2*p**3 - 10*p**2 - 11*p + 3. Let n(d) = d**3 + 5*d**2 + 5*d - 1. Let r(f) = b*y(f) - 5*n(f). Is r(-6) a prime number?
True
Let w(f) = 980*f + 162. Is w(23) a composite number?
True
Suppose -5*t - 5*m = -8*t + 13412, 2*m = 4. Is t prime?
False
Suppose -83*i + 131730 = -68*i. Is i a prime number?
False
Let t(w) = -w**2 + 5*w - 5. Let a be t(3). Suppose -3*j + 5*j = -5*f - a, -j - 5*f = 3. Suppose j*n - 248 = -3*h, 9*h - 4*h = -5*n + 625. Is n a prime number?
True
Let t = -170 - -60. Is (-1)/(-3) + t/(-3) a prime number?
True
Let l = 57554 - -16293. Is l a composite number?
False
Let j be 5/5*(1 - -2)*1. Suppose -m + 1115 = -j*k, -5*k + 489 = m - 626. Is m composite?
True
Is (-4292)/(-14) - 24/(-56) prime?
True
Suppose -g - 12376 = -4*x, -5*x = -x - 2*g - 12380. Is x composite?
True
Let o(s) = 309*s**2 + s - 2. Let v be o(-2). Let f = -534 + v. Suppose 3*q - 2909 + f = 0. Is q prime?
False
Suppose 2079 = m - 4*m. Let a = m + 1234. Is a prime?
True
Suppose -5*i = -5 + 55. Is (i/(-6))/(5/645) composite?
True
Suppose 3*m = 5*d + 2685, -4*d - 3*m - 2007 - 141 = 0. Let n be (2 - 6/4)*1832. Let k = d + n. Is k prime?
True
Let f = 19 - 10. Let x(t) = -2*t - t - 1 - f*t. Is x(-13) composite?
True
Let x(g) = -11*g**2 + 6*g - 2. Let d(v) = v**2 - v. Let f(t) = -6*d(t) - x(t). Is f(-9) a prime number?
False
Suppose t = 2*t. Suppose -5*n + 2*h + 624 + 892 = t, 0 = -5*n - 3*h + 1501. Is n prime?
False
Suppose 22*z - 17623 = 21*z. Is z a composite number?
False
Suppose 2*k - 12 = -4. Suppose 3*j + 167 = 2*m - 0*j, 4*j + 328 = k*m. Is m prime?
True
Let c(u) = -4*u**2 + 4*u**2 + 6*u**2 - 2*u - u + 12. Is c(-5) composite?
True
Let z = -14 - -28. Is 8/z - (5988/(-7) - -5) a prime number?
False
Suppose -2*c + 10 = 4, -r - 3 = -2*c. Suppose -65 = -r*j - 8. Is j a composite number?
False
Suppose -3*z - 2*u + 17341 = 0, 16 = 5*u + 6. Is z a composite number?
False
Let f(n) be the second derivative of 11*n**4/12 + 25*n**3/6 - 11*n**2/2 - 10*n. Let z(v) be the first derivative of f(v). Is z(12) a prime number?
False
Suppose -s + d - 6 = -2*d, -2*s - 2 = 4*d. Let z be (0 + s - -3)*-1. Is 30/(z + (0 - -2)) composite?
True
Let m = -23946 + 85895. Is m prime?
True
Let p(f) = -f**2 - 8*f + 4. Let y be p(-7). Let g(d) = 63*d - 30. Let k be g(8). Suppose -k = y*a - 13*a. Is a a prime number?
False
Let c(h) = h**2 - 6*h - 10. Suppose 2*m - 5*f = -0*m - 31, 0 = 3*m + 4*f + 35. Is c(m) a composite number?
True
Let u = 2685 - 1472. Is u a composite number?
False
Suppose -i - 2*x + 8947 = 4*i, 0 = -3*i - 3*x + 5361. Suppose o + 227 + i = 0. Is (-40)/30 + o/(-6) a composite number?
True
Let q = -36 - -557. Is q composite?
False
Suppose 49 = 3*q + 7. Suppose k = -3*h + 8, -4*h = -2*h + 5*k - q. Is 227/h + 6/(-12) a composite number?
False
Suppose -2*m + 3*l + 1314 = -l, -3252 = -5*m - l. Let x = 1120 - m. Is x composite?
True
Suppose 0 = -2*s + 5*s + 2*d - 483, 5*s - 827 = 4*d. Suppose 3*y + 2*a = 3031, -y - 2*a + 850 = -s. Is y prime?
True
Suppose -347 - 4002 = -u. Is u a prime number?
True
Let k be 15/3*(-6)/(-5). Suppose 3*u - k = -0*u, 0 = -4*v + u + 806. Is v prime?
False
Let z(g) = 251*g**2 + 3*g - 3. Let q be z(-3). Let a be q/(-15) + (-4)/(-5). Let l = a - -242. Is l prime?
False
Let u be -4 - (0 - 2 - 438)